 1750259?
1
What is the units digit of 16500465?
5
What is the thousands digit of 600817?
0
What is the millions digit of 1307261?
1
What is the thousands digit of 635919?
5
What is the tens digit of 131825?
2
What is the tens digit of 2184909?
0
What is the units digit of 30626608?
8
What is the hundred thousands digit of 857481?
8
What is the units digit of 4597816?
6
What is the ten millions digit of 13549506?
1
What is the millions digit of 1803441?
1
What is the ten thousands digit of 46610?
4
What is the thousands digit of 209991?
9
What is the tens digit of 27151688?
8
What is the millions digit of 1409726?
1
What is the ten thousands digit of 635928?
3
What is the hundreds digit of 53698?
6
What is the tens digit of 651088?
8
What is the hundred thousands digit of 1931003?
9
What is the millions digit of 15214656?
5
What is the ten thousands digit of 411776?
1
What is the ten thousands digit of 5553714?
5
What is the tens digit of 8260979?
7
What is the units digit of 4477240?
0
What is the millions digit of 2333836?
2
What is the hundreds digit of 1088779?
7
What is the units digit of 368217?
7
What is the ten thousands digit of 4478025?
7
What is the units digit of 81747?
7
What is the ten millions digit of 16154396?
1
What is the ten thousands digit of 12374229?
7
What is the hundreds digit of 92121?
1
What is the thousands digit of 79463?
9
What is the millions digit of 3557752?
3
What is the tens digit of 353937?
3
What is the tens digit of 566553?
5
What is the tens digit of 10412628?
2
What is the hundreds digit of 115157?
1
What is the units digit of 411432?
2
What is the thousands digit of 291891?
1
What is the hundreds digit of 3692934?
9
What is the thousands digit of 704104?
4
What is the thousands digit of 2123048?
3
What is the hundred thousands digit of 301293?
3
What is the thousands digit of 7047519?
7
What is the units digit of 29128147?
7
What is the millions digit of 23420738?
3
What is the units digit of 848649?
9
What is the tens digit of 96069?
6
What is the units digit of 990124?
4
What is the ten thousands digit of 21869?
2
What is the ten millions digit of 21428587?
2
What is the tens digit of 172029?
2
What is the hundreds digit of 7925310?
3
What is the hundred thousands digit of 567317?
5
What is the units digit of 507959?
9
What is the hundred thousands digit of 107655?
1
What is the thousands digit of 89040?
9
What is the hundreds digit of 1254715?
7
What is the hundred thousands digit of 2745426?
7
What is the ten thousands digit of 364281?
6
What is the units digit of 299944?
4
What is the units digit of 286554?
4
What is the thousands digit of 859101?
9
What is the thousands digit of 3083833?
3
What is the hundred thousands digit of 199531?
1
What is the thousands digit of 548142?
8
What is the tens digit of 1388952?
5
What is the tens digit of 256096?
9
What is the tens digit of 428636?
3
What is the tens digit of 36082478?
7
What is the hundreds digit of 212941?
9
What is the hundreds digit of 2569886?
8
What is the hundreds digit of 2242598?
5
What is the units digit of 979760?
0
What is the hundred thousands digit of 226250?
2
What is the hundred thousands digit of 1112010?
1
What is the thousands digit of 1036713?
6
What is the ten thousands digit of 5782738?
8
What is the tens digit of 72000?
0
What is the hundreds digit of 414360?
3
What is the hundreds digit of 704182?
1
What is the units digit of 41570?
0
What is the tens digit of 20843252?
5
What is the millions digit of 7208111?
7
What is the millions digit of 4398576?
4
What is the tens digit of 728398?
9
What is the millions digit of 5257396?
5
What is the units digit of 483291?
1
What is the hundred thousands digit of 801116?
8
What is the units digit of 177606?
6
What is the millions digit of 1089636?
1
What is the hundreds digit of 250440?
4
What is the ten thousands digit of 3260046?
6
What is the units digit of 379056?
6
What is the hundred thousands digit of 1286071?
2
What is the ten thousands digit of 2800485?
0
What is the units digit of 2089154?
4
What is the units digit of 192257?
7
What is the ten millions digit of 12639885?
1
What is the thousands digit of 191556?
1
What is the hundreds digit of 65012?
0
What is the units digit of 3664788?
8
What is the thousands digit of 3613487?
3
What is the tens digit of 5573915?
1
What is the thousands digit of 138558?
8
What is the ten thousands digit of 88109?
8
What is the ten millions digit of 21734925?
2
What is the ten thousands digit of 167517?
6
What is the ten thousands digit of 5067277?
6
What is the hundreds digit of 1102718?
7
What is the units digit of 346870?
0
What is the tens digit of 250597?
9
What is the thousands digit of 356328?
6
What is the units digit of 674568?
8
What is the millions digit of 3847574?
3
What is the millions digit of 14780862?
4
What is the millions digit of 4051424?
4
What is the thousands digit of 56404?
6
What is the tens digit of 12018014?
1
What is the hundreds digit of 259853?
8
What is the hundred thousands digit of 360624?
3
What is the hundreds digit of 71261?
2
What is the ten thousands digit of 5007849?
0
What is the ten thousands digit of 2750577?
5
What is the millions digit of 1163039?
1
What is the hundreds digit of 1873520?
5
What is the hundred thousands digit of 102885?
1
What is the units digit of 91946?
6
What is the hundreds digit of 946746?
7
What is the ten millions digit of 12183585?
1
What is the hundreds digit of 18917498?
4
What is the hundreds digit of 5319834?
8
What is the hundred thousands digit of 466883?
4
What is the hundreds digit of 40352558?
5
What is the hundred thousands digit of 283617?
2
What is the thousands digit of 2614938?
4
What is the hundred thousands digit of 100049?
1
What is the tens digit of 4805014?
1
What is the thousands digit of 2744331?
4
What is the hundred thousands digit of 447337?
4
What is the units digit of 144890?
0
What is the hundred thousands digit of 5134813?
1
What is the tens digit of 283265?
6
What is the hundreds digit of 16862?
8
What is the ten thousands digit of 515535?
1
What is the thousands digit of 14283005?
3
What is the units digit of 215115?
5
What is the thousands digit of 1286482?
6
What is the ten thousands digit of 86584?
8
What is the hundred thousands digit of 9151671?
1
What is the tens digit of 11697664?
6
What is the tens digit of 7241578?
7
What is the thousands digit of 79304?
9
What is the thousands digit of 5344347?
4
What is the millions digit of 1213597?
1
What is the hundreds digit of 384579?
5
What is the units digit of 338931?
1
What is the units digit of 146036?
6
What is the ten thousands digit of 635742?
3
What is the units digit of 228161?
1
What is the hundreds digit of 27483675?
6
What is the hundred thousands digit of 569437?
5
What is the millions digit of 1743990?
1
What is the millions digit of 10052545?
0
What is the ten thousands digit of 10115420?
1
What is the hundred thousands digit of 324308?
3
What is the hundred thousands digit of 456987?
4
What is the thousands digit of 14881586?
1
What is the units digit of 1155854?
4
What is the thousands digit of 2933042?
3
What is the ten thousands digit of 7141770?
4
What is the ten thousands digit of 21252001?
5
What is the thousands digit of 420433?
0
What is the hundreds digit of 86787?
7
What is the tens digit of 219629?
2
What is the hundreds digit of 19547555?
5
What is the millions digit of 4339209?
4
What is the hundred thousands digit of 117502?
1
What is the hundreds digit of 2689769?
7
What is the units digit of 178597?
7
What is the millions digit of 3351739?
3
What is the hundreds digit of 2464810?
8
What is the tens digit of 1658165?
6
What is the units digit of 5738085?
5
What is the millions digit of 1297789?
1
What is the ten thousands digit of 124793?
2
What is the hundred thousands digit of 253056?
2
What is the hundreds digit of 1933494?
4
What is the ten thousands digit of 339280?
3
What is the hundreds digit of 1393173?
1
What is the ten thousands digit of 615901?
1
What is the hundreds digit of 4132616?
6
What is the millions digit of 1865281?
1
What is the millions digit of 1480915?
1
What is the thousands digit of 452859?
2
What is the thousands digit of 8679437?
9